common divisor of 4 and 17?
1
What is the highest common divisor of 1218 and 42?
42
What is the greatest common factor of 198 and 36?
18
What is the highest common factor of 42 and 238?
14
Calculate the highest common divisor of 92 and 2162.
46
Calculate the highest common factor of 75 and 71775.
75
Calculate the highest common divisor of 2330 and 10.
10
What is the highest common factor of 30 and 37095?
15
Calculate the greatest common divisor of 2387 and 868.
217
What is the greatest common factor of 203 and 10759?
203
Calculate the greatest common divisor of 657 and 292.
73
What is the highest common divisor of 330 and 480?
30
Calculate the highest common divisor of 15 and 140.
5
What is the highest common divisor of 2835 and 195?
15
Calculate the highest common divisor of 24 and 1176.
24
What is the highest common divisor of 1890 and 12096?
378
Calculate the greatest common factor of 568 and 1048.
8
Calculate the greatest common factor of 3150 and 45.
45
Calculate the highest common divisor of 2 and 22.
2
What is the greatest common factor of 504 and 189?
63
Calculate the highest common divisor of 50 and 260.
10
What is the highest common factor of 496 and 112?
16
What is the highest common factor of 2432 and 19?
19
Calculate the highest common divisor of 12108 and 24.
12
Calculate the greatest common factor of 196 and 28.
28
Calculate the greatest common divisor of 2 and 2295.
1
What is the highest common divisor of 6 and 1812?
6
What is the highest common divisor of 4 and 8?
4
What is the greatest common divisor of 115 and 805?
115
What is the highest common divisor of 39 and 221?
13
What is the highest common divisor of 41 and 7093?
41
Calculate the greatest common divisor of 99 and 9.
9
What is the highest common factor of 39 and 1911?
39
What is the highest common divisor of 82 and 6?
2
What is the greatest common factor of 1099 and 1413?
157
What is the highest common factor of 738 and 45?
9
What is the highest common divisor of 1 and 9?
1
Calculate the highest common divisor of 45 and 540.
45
Calculate the highest common factor of 299 and 46.
23
Calculate the greatest common factor of 602 and 14.
14
Calculate the greatest common factor of 4147 and 319.
319
Calculate the greatest common factor of 2166 and 12.
6
What is the greatest common factor of 368 and 460?
92
What is the greatest common divisor of 67 and 1072?
67
What is the highest common factor of 7946 and 58?
58
What is the highest common divisor of 128 and 4544?
64
What is the highest common factor of 12 and 660?
12
Calculate the greatest common factor of 1890 and 3990.
210
What is the greatest common factor of 152 and 26296?
152
Calculate the greatest common divisor of 70 and 140.
70
What is the highest common factor of 8 and 2516?
4
Calculate the greatest common factor of 95 and 38.
19
Calculate the highest common divisor of 4851 and 1155.
231
What is the highest common divisor of 1112 and 24?
8
Calculate the greatest common divisor of 763 and 7.
7
Calculate the highest common divisor of 92 and 17296.
92
Calculate the greatest common factor of 42 and 14728.
14
Calculate the highest common divisor of 2106 and 108.
54
What is the highest common divisor of 2365 and 385?
55
What is the highest common factor of 70 and 310?
10
Calculate the highest common factor of 611 and 47.
47
Calculate the highest common factor of 30 and 2094.
6
What is the greatest common divisor of 7 and 35?
7
Calculate the greatest common factor of 77 and 3157.
77
What is the greatest common divisor of 486 and 18?
18
Calculate the greatest common divisor of 200 and 175.
25
What is the greatest common divisor of 281 and 2?
1
Calculate the greatest common factor of 5 and 74.
1
Calculate the highest common factor of 255 and 187.
17
What is the highest common divisor of 572 and 1012?
44
What is the greatest common divisor of 103 and 2987?
103
What is the greatest common factor of 104 and 4836?
52
Calculate the greatest common factor of 80 and 720.
80
What is the greatest common divisor of 9 and 27?
9
Calculate the highest common factor of 99 and 1155.
33
Calculate the highest common divisor of 50 and 275.
25
Calculate the highest common divisor of 21897 and 27.
27
Calculate the greatest common factor of 920 and 345.
115
Calculate the greatest common factor of 51950 and 50.
50
Calculate the greatest common factor of 50 and 1150.
50
Calculate the highest common divisor of 955 and 9168.
191
Calculate the highest common divisor of 851 and 222.
37
What is the highest common divisor of 36575 and 525?
175
What is the highest common divisor of 66 and 154?
22
What is the highest common divisor of 260 and 33020?
260
What is the greatest common divisor of 174 and 406?
58
What is the highest common factor of 181 and 11403?
181
What is the greatest common divisor of 12714 and 78?
78
Calculate the highest common factor of 84257 and 109.
109
What is the greatest common factor of 108 and 27?
27
What is the greatest common divisor of 895 and 5?
5
What is the greatest common divisor of 59283 and 63?
63
What is the highest common divisor of 4450 and 800?
50
What is the highest common divisor of 1591 and 688?
43
What is the greatest common divisor of 360 and 75?
15
What is the greatest common divisor of 74 and 1406?
74
What is the highest common divisor of 363 and 33?
33
What is the greatest common factor of 40 and 65?
5
Calculate the greatest common divisor of 1207 and 71.
71
Calculate the greatest common factor of 54 and 96.
6
Calculate the greatest common divisor of 847 and 1925.
77
Calculate the highest common divisor of 85 and 2057.
17
Calculate the highest common divisor of 132 and 11748.
132
Calculate the highest common factor of 120 and 34.
2
Calculate the highest common factor of 140 and 28.
28
Calculate the greatest common divisor of 234 and 6006.
78
Calculate the highest common divisor of 51 and 68.
17
What is the highest common factor of 944 and 59?
59
Calculate the greatest common divisor of 18 and 52560.
18
What is the greatest common factor of 221 and 2?
1
What is the highest common divisor of 8 and 392?
8
Calculate the highest common factor of 42 and 2247.
21
What is the greatest common factor of 259 and 296?
37
Calculate the highest common factor of 567 and 609.
21
Calculate the greatest common factor of 105 and 55545.
105
What is the greatest common divisor of 309 and 3?
3
What is the greatest common factor of 1845 and 45?
45
Calculate the highest common divisor of 1582 and 224.
14
What is the highest common divisor of 1734 and 6?
6
Calculate the highest common divisor of 24 and 6.
6
What is the highest common divisor of 1408 and 143?
11
Calculate the greatest common factor of 85 and 119.
17
Calculate the greatest common factor of 82 and 74.
2
What is the greatest common divisor of 47 and 29?
1
What is the greatest common divisor of 9 and 5355?
9
What is the highest common factor of 84 and 12084?
12
What is the greatest common divisor of 104 and 8?
8
Calculate the highest common factor of 48 and 6.
6
What is the greatest common factor of 24 and 1192?
8
What is the greatest common divisor of 512 and 304?
16
What is the greatest common factor of 54 and 621?
27
What is the greatest common divisor of 5538 and 13?
13
Calculate the greatest common factor of 392 and 49.
49
What is the greatest common divisor of 23410 and 40?
10
What is the highest common factor of 90 and 828?
18
Calculate the highest common factor of 65 and 1495.
65
What is the highest common factor of 31 and 248?
31
What is the greatest common factor of 480 and 12?
12
Calculate the highest common divisor of 520 and 1170.
130
What is the highest common factor of 115 and 1270?
5
Calculate the highest common factor of 832 and 64.
64
Calculate the greatest common divisor of 18 and 24.
6
Calculate the highest common divisor of 55 and 2695.
55
Calculate the highest common factor of 336 and 1596.
84
Calculate the greatest common factor of 598 and 92.
46
Calculate the greatest common divisor of 2385 and 135.
45
Calculate the greatest common divisor of 12 and 11472.
12
Calculate the greatest common divisor of 22 and 253.
11
Calculate the greatest common divisor of 175 and 150.
25
Calculate the greatest common factor of 6 and 9.
3
What is the highest comm